*s + 6 - 2. What is u(v)?
-4
Let x = -4 - -11. Let k(a) = -a**3 + 8*a**2 - 7*a - 4. Let r be k(x). Let m(c) = 6 + 31*c - 8*c**2 + 5*c**2 - c**3 - 24*c. Calculate m(r).
-6
Let u(t) = -t - 9. Let l be -10 - (7/1 - 5). Let p(v) = -v**2 - 10*v + 14. Let w be p(l). Give u(w).
1
Let s(n) = -n**2 - 5*n**2 + 7 + 0*n**2 - 3*n - 5122*n**3 + 5121*n**3. Give s(-6).
25
Let z(d) = d**3 - 5*d**2 + 5*d + 2. Let x(j) = 2*j**2 + 24*j + 4. Suppose o - 41 = 39. Let p be o/30*(-9)/2. Let m be x(p). What is z(m)?
6
Let u(o) = 5*o**2 - 12*o - 1. Let s(t) = -11*t**2 + 25*t + 1. Suppose 4*z = 7*v - 2*v - 37, 3*z = 6. Let f(j) = v*u(j) + 4*s(j). Determine f(9).
4
Let g = -1 + 4. Let v(o) = -6*o + 4. Let k(j) = -6*j + 4. Let a be ((1 + -3)/(-2))/((-5)/10). Let t(w) = a*k(w) + 3*v(w). Determine t(g).
-14
Let g(v) = 14*v**3 + 20*v**2 - 3*v + 26. Let n(m) = 5*m**3 + 7*m**2 - m + 9. Let h(b) = 4*g(b) - 11*n(b). Give h(-4).
-7
Let w(a) = -8*a**3 - 2*a**2 + 1. Let s(y) = -4*y - 4*y + 8 - 3*y**2 - 4*y**2 + 6*y**2. Let j be s(1). Give w(j).
7
Suppose 5*u = -24 - 11. Let o be -4 - (u - (2 + -3)). Suppose 0 = -o*l - 3*l. Let z(t) = t + 4. Give z(l).
4
Suppose 48 = -24*i + 32*i. Let c(j) = j - 6. Let t be c(8). Suppose -21 + 0 = t*k - 5*w, -2*k - i = -2*w. Let x(d) = -2*d**2. Determine x(k).
-8
Suppose 2*p + 8*d + 12 = 12*d, -3*d - 11 = p. Let h(q) = 4*q + 0*q + q**2 - 10 + 3*q. Determine h(p).
-2
Let o be 3 + (-18)/(-3) + -2 + 5. Let y(s) = -s + 3 + o - 9. Determine y(0).
6
Let n(d) = -d**2 - 4*d + 3. Let k(f) = 2*f**2 - 8*f - 13. Let l(t) = -2*t**2 + 9*t + 13. Let m(u) = -4*k(u) - 5*l(u). Let p be m(7). Determine n(p).
-9
Suppose -11 - 7 = -2*j. Let m be (-21)/12 - j/36. Let p(d) = -d + 2. Determine p(m).
4
Let q(b) = -b - 1. Let k(u) = 1. Let g(h) = -3*k(h) - 3*q(h). Let y(l) = -3*l. Let d(z) = -3*g(z) - 4*y(z). Let r be (3/(-6))/(3/(-18)). What is d(r)?
9
Let m(b) = b - 1. Let c(l) = l**2 - 12*l + 3. Let q(h) = -c(h) - 3*m(h). What is q(8)?
8
Suppose 0 = 19*h - 6*h. Let v(p) = 3 - 9*p + 6*p**2 - 4*p**2 - p**2 + h*p**2. What is v(7)?
-11
Let f(c) be the third derivative of -7*c**4/24 + c**3/3 - 20*c**2 + 12. Give f(-1).
9
Suppose -4*y = 8, 2*y + 43 = i + 2*i. Let j(t) = -5*t**3 + 2*t**2 - 8*t. Let r(w) = 11*w**3 - 4*w**2 + 17*w. Let v(q) = i*j(q) + 6*r(q). Determine v(-3).
-3
Let j(a) = -2732 + 2*a + 2731 - 2*a + a**2 - a - 2*a. What is j(3)?
-1
Let k(g) = g**3 - 14*g**2 - 17*g + 31. Suppose -7*b = -415 + 310. Calculate k(b).
1
Let r(b) = -257*b**2 - 253*b**2 + 13*b - 4*b + 511*b**2 - 3. Calculate r(-6).
-21
Let m(o) = -o + 6. Let v = 22 + -19. Suppose -s + 2 = -v. Calculate m(s).
1
Suppose -2*g - 16*g + 18 = 0. Let c(v) = v**2 - v - 1. Determine c(g).
-1
Let v(b) = -25*b**3 + 2*b**3 - 5*b**3 - 1 + b**2. Let s be (-8*21/112)/((-6)/(-4)). What is v(s)?
28
Let l(a) = -3*a**3 - 5*a**2 + 2 + 0*a**2 - 3*a + 2*a**3. Let q be 152/10 + 11/(-55). Let j be 12*((-35)/q + 2). What is l(j)?
-2
Let w = -49 - -57. Let j(k) = 2*k + 9. Determine j(w).
25
Let f(n) be the third derivative of -n**5/12 + n**4/24 - n**3/6 + 58*n**2 + 3. Give f(1).
-5
Let v(w) = 7*w**2 - 2*w - 19. Let g(f) = 5*f**2 - 18. Let r(k) = -3*g(k) + 2*v(k). Determine r(-7).
-5
Let d(s) = s**2 - 4*s + 2. Let x(u) = -u**3 - 2*u**2 - 2*u - 3. Let z be x(-2). Suppose -4*r + 7 = n, -n + z = 3*r + 4*n. What is d(r)?
-2
Let n be (-70)/(-9) + 18/81. Let r(l) = n*l - 2*l**2 + 3*l**2 - 54 + 60. What is r(-6)?
-6
Let s(o) be the third derivative of o**4/6 - o**3/2 + 199*o**2. Give s(6).
21
Let m be 55/10 + 9/(-6). Suppose 0 = -q + 5*q - m. Let v(w) be the third derivative of -w**5/30 + w**4/24 - w**3/6 - 9*w**2. What is v(q)?
-2
Let m = 244 + -251. Let z(v) = 2 + v**2 - 3 + 8*v + 3. Calculate z(m).
-5
Let m be (154/(-35))/(-11) - (-233)/5. Let v(p) = p**2 + 51*p + 5*p**2 - 5*p**2 + 2 - m*p. Give v(-3).
-1
Let i(n) be the first derivative of -n**3/3 - 8*n**2 + 11*n + 147. Determine i(-17).
-6
Let g be 27/(-45) + 6/45*-3. Let y(k) = 9*k. Give y(g).
-9
Suppose -10 - 10 = -5*b. Let s be b - (-3)/(3/(-2)). Let a(w) be the first derivative of w**3/3 - w**2 + 4. Calculate a(s).
0
Let p(f) be the first derivative of 2*f**2 - 19*f + 80. Calculate p(6).
5
Let s(m) = m**3 - m**2 + m + 1. Let y(k) = 3*k**3 + 8*k**2 + 5*k - 10. Let r(l) = -4*s(l) + y(l). What is r(12)?
-2
Let m(p) = -p**2 - 4*p + 23. Let q = -295 - -287. Calculate m(q).
-9
Let b = -1317 + 1313. Let j(r) be the third derivative of r**6/120 + r**5/10 + r**4/8 + r**3 - r**2. What is j(b)?
26
Let w(a) = 47*a**2 - 46*a**2 + 18 - 10*a - 5*a. What is w(13)?
-8
Let r(g) = 4*g + 6. Suppose -83 + 91 = -2*f. What is r(f)?
-10
Let b be (2 + 24/(-10))*5. Let a(k) = -7*k - 2. Let o(d) = -8*d - 2. Let c(g) = -3*a(g) + 2*o(g). Calculate c(b).
-8
Let m(p) = -p + 2*p**3 + p - 4*p**3. Let h be 9/(-36) + 38/(-8). Let i be (-18)/63 - h/(-7). Calculate m(i).
2
Let t be (-25)/(-10)*(-8)/(-5). Let c be (-2)/(-12)*t*3. Suppose 2*i + 2*i + 2*m = -30, 0 = c*i - m + 13. Let h(x) = x**2 + 6*x - 4. What is h(i)?
3
Let y(b) be the second derivative of b**5/20 - 5*b**4/6 + 4*b**3/3 + b**2 - 39*b. Determine y(9).
-7
Let r(o) = -o**2 + 14*o + 8. Let m(a) = -a**2 + 13*a + 8. Let h(v) = 7*m(v) - 6*r(v). Calculate h(7).
8
Let c(y) = 5. Let j(o) be the second derivative of -o**3/6 - o**2/2 - 12*o. Let v(m) = c(m) + 6*j(m). Calculate v(-1).
5
Let o(v) be the first derivative of v**3/3 + 4*v**2 + 6*v + 3. Suppose -2*y - 30 = 3*y. Determine o(y).
-6
Suppose -c = -2*t + 5, -7 = -5*t - 4*c - 1. Let v(j) = -3*j + 12*j**2 - 5*j**t - 2*j - 6*j**2 - 6. What is v(5)?
-6
Let i(c) = c**2 - 7*c. Let f = -48 - -54. Calculate i(f).
-6
Let x(y) = -y + 4. Let i(t) be the second derivative of -t**3/6 + 5*t**2/2 - 7*t. Let k(s) = 4*i(s) - 5*x(s). What is k(-3)?
-3
Suppose 0 = -3*k + 3, 3 = 2*l - k. Let d(r) = -7*r - 2*r**2 - 7*r**l + 8*r**2 - 1. Suppose 4*p = 3*p - 6. Give d(p).
5
Let o be ((-48)/(-80))/((-2)/10). Let i(t) be the third derivative of t**6/120 + t**5/20 + t**4/24 - 3*t**2. Determine i(o).
-3
Let f(u) = -2*u**3 + 11*u**2 + 7*u + 1. Let i(d) = -20*d + 206. Let s be i(10). Determine f(s).
7
Let l(x) = 3*x - 31. Let d(r) = -2*r + 17. Let y(q) = -11*d(q) - 6*l(q). Let p = -3 + 0. Determine y(p).
-13
Let v(m) = -m - 17. Suppose -384*a = -373*a + 132. Give v(a).
-5
Let j(g) be the second derivative of g**3/6 - 5*g**2 + 12*g. Let d be j(0). Let o = 11 + d. Let q(i) = -7*i**3 - 2*i + 1. What is q(o)?
-8
Suppose -s = 4*k - 12, -k + 8 = -3*k - 4*s. Let z(q) be the third derivative of -q**4/24 + 2*q**3/3 - 171*q**2. Calculate z(k).
0
Let k(w) = -w**3 + w**2 + 1. Let z(d) = 2*d**3 + d**2 - d - 3. Let u(f) = 3*k(f) + z(f). Let v be 186/42 + 12/(-28). Suppose -v*b = 100 - 108. Calculate u(b).
6
Let l(o) = o + 5. Let k be l(-4). Let t(h) be the first derivative of 12*h**2 + h + 1727. Determine t(k).
25
Let m be 12/2*(-2)/(-6). Suppose -10 = -4*q + 2*y, -m*q + 1 = 2*y - 1. Let j be q/7 - (-255)/(-35). Let w(s) = s + 4. What is w(j)?
-3
Suppose 5*t - 57 - 188 = 0. Let g = t + -45. Let u(q) = -q**2 + 4*q + 4. Give u(g).
4
Let h(d) = d - 10. Let p(j) be the third derivative of -j**6/120 - j**5/3 + 5*j**4/6 - 5*j**3/2 + 5*j**2. Let k be p(-21). Give h(k).
-4
Suppose 2*g - 7 = 5*i, 2*i + 24 = 5*g - 4. Let n(h) = -h**2 - h + 11*h - h - g*h - h**3 - 3. Give n(2).
-9
Suppose -65*i - 20 = -69*i. Let w(b) = b**2 - 9*b + 2. Give w(i).
-18
Let b(g) = 2*g + 32 + 22 - g - 55. Calculate b(2).
1
Let k(o) = 7*o**3 + 2*o**2 - o - 2. Let c(z) = -33*z**3 - 11*z**2 + 5*z + 11. Let g(i) = -2*c(i) - 11*k(i). What is g(-1)?
10
Let r(z) = -3*z**2 + 2*z + 2. Let d = 53 + -55. Calculate r(d).
-14
Let y = 10901 + -10907. Let r(q) = q**3 - q**2 - q + 1. Let z(s) = -2*s**3 - 4*s**2 + 10*s + 8. Let o(j) = r(j) + z(j). What is o(y)?
-9
Let z(d) = 2*d**3 - 11*d**2 - 5*d + 6. Suppose -2*h + 26*i - 4 = 30*i, i = -2*h + 8. What is z(h)?
12
Let a(z) be the second derivative of z**3/3 - 2*z - 56. Calculate a(-3).
-6
Let c(m) = m**3 + 3*m**2 - 3*m - 3. Let z be -6 - -1 - (-1 + 7 + -8). Give c(z).
6
Let f(s) = -s**2 + 75 + 6*s - 68 - 6*s**2 + 6*s**2. What is f(7)?
0
Let u(z) = -z**2 + 2*z - 1. Let m(v) = v**2 + v. Let s(g) = 4*m(g) - u(g). Let q be -5*((-27)/(-15) - 1). Let y = q + 3. Determine s(y).
4
Let w(j) = -j**2 - 22*j - 27. Let g be w(-19). Let z = g - 25. Let v(a) 